). Let z be q(g). What is the highest common divisor of z and 28?
14
Let b(o) = -19*o + 3. Let z be (-3)/2*(0 + 2). Let d be b(z). Suppose -4*g - 39 = -3*u - 5*g, -3*g + 33 = 2*u. What is the highest common factor of u and d?
12
Let q = 894 + -874. What is the highest common factor of q and 50?
10
Let d(j) = 13 + j + 4 - 29. Let z be d(20). Suppose 0 = -3*m - 0*m + 24. Calculate the greatest common divisor of z and m.
8
Let r(d) = d - 9. Let y(k) = 4*k - 35. Let w(i) = -9*r(i) + 2*y(i). Let j be w(8). What is the greatest common factor of 12 and j?
3
Let f be 90/8 - 12/(-16). Let j be f/(-30) - 1684/(-10). Calculate the greatest common factor of 24 and j.
24
Suppose 0 = -18*v + 245 + 241. What is the highest common divisor of v and 63?
9
Let o be (-376)/(-3) + 9/((-243)/(-18)). Calculate the highest common divisor of o and 4.
2
Let i(f) = -f**3 - 12*f**2 - 11*f + 5. Let j be i(-11). Suppose j*k = 4*k + 593. Suppose 352 = 9*o - k. Calculate the highest common divisor of o and 35.
35
Let s = -960 - -1002. Let y be (-1)/((-2)/1684*-2). Let d be (-4)/16 - y/4. What is the highest common factor of s and d?
21
Suppose -315 = -5*d + 3*t, d + 7*t - 8*t - 63 = 0. Let h = 60 + -39. What is the highest common factor of d and h?
21
Let r = 81 + -51. Suppose 29*d = 28*d + 120. Calculate the greatest common factor of r and d.
30
Let n be (-1*(-1)/2)/(54/3780). What is the greatest common factor of n and 140?
35
Let j = -1314 + 2050. What is the highest common divisor of j and 46?
46
Let g = -5 - -8. Let d(v) = -298*v**3 - 2*v**2 - 10*v - 9. Let c be d(-1). Suppose -g*i = -0*i - c. What is the highest common divisor of i and 9?
9
Suppose 0 = w + 4*w + 350. Let y = w - -115. Calculate the highest common divisor of 45 and y.
45
Let v = 36 - 16. Suppose -24 = 6*b - 54. Calculate the greatest common factor of v and b.
5
Let k(s) = s**3 - 9*s**2 + 17*s - 5. Let a be k(7). Suppose 38 - 182 = -m. What is the greatest common divisor of m and a?
16
Suppose -5*y + 38 = 13. Suppose y*m = -4*s + 54, 0*m - 4*s + 12 = 2*m. Calculate the greatest common factor of m and 35.
7
Let q be (-1362)/(-10) + 4/(-20). Suppose -3*i + 2*h + 85 - 28 = 0, -32 = -i + 5*h. What is the greatest common divisor of q and i?
17
Let t be (-1)/4 - 136/(-32). Suppose -t*r + 543 - 11 = 0. Let u = 94 + -75. Calculate the greatest common factor of r and u.
19
Let y(o) = 6*o + 45. Let w be y(-10). Let g be w*(248/10*-1 - -4). What is the greatest common divisor of g and 39?
39
Let w(a) = -3*a**3 + a**2 + a. Suppose 4*q + 1 + 10 = i, -13 = i + 4*q. Let d be w(i). What is the highest common divisor of d and 12?
3
Let d(a) = -a**2 - 27*a + 34. Let z be d(-14). Calculate the highest common divisor of 24 and z.
24
Suppose 0 = -6*t + 5*t + 2*b + 485, -3*t + 4*b = -1453. Calculate the greatest common divisor of 21 and t.
21
Let g(u) = 80*u + 243. Let r be g(-3). What is the highest common factor of 147 and r?
3
Let y(s) = 1 - s - 4*s - s. Let g be y(-1). Let c(z) = -21*z**3 + z**2 - 1. Let t be c(-1). What is the greatest common factor of g and t?
7
Let n = 115 + -95. Calculate the highest common divisor of n and 100.
20
Suppose 5*r = 14*r - 378. What is the greatest common factor of r and 84?
42
Let s(k) = k - 2. Let r(v) = -v**2 - 6*v + 3. Let l be r(-5). Suppose 4*i - 20 + l = 0. Let o be s(i). Calculate the highest common factor of o and 1.
1
Let f(d) = 10*d**3 + 2*d**2 - d. Let r be f(1). Let b(u) = 6*u - 6. Let o be b(4). Let g = -17 + o. Calculate the greatest common factor of r and g.
1
Suppose 2142 = 2*x - 3*b, -18*x - 3*b = -14*x - 4284. Calculate the highest common factor of x and 204.
51
Let n = -12 - -20. Let a be (4/3*-3)/(18/(-90)). Calculate the greatest common factor of n and a.
4
Let o(t) = t**2 - 10*t - 80. Let v be o(-12). What is the highest common divisor of v and 230?
46
Suppose 20*a + 12*a - 480 = 0. Calculate the greatest common divisor of a and 1005.
15
Suppose 4*k - 8 = -z + 2*k, -3*k + 1 = -4*z. Let y be (-3 + 1/z)/((-1)/10). What is the highest common factor of y and 175?
25
Let s = 91 + -51. Let r = -371 + 379. What is the highest common divisor of s and r?
8
Suppose 0 = 4*p - 3*k, -3*k = 2*p - 0 - 18. Suppose y - p = 1. Suppose -w - 9 = -y*w. Calculate the greatest common divisor of 2 and w.
1
Suppose 0 = -12*p + 8*p + 384. Let c(d) be the first derivative of -d**3/3 + d**2 + 12*d + 7. Let h be c(0). What is the highest common factor of p and h?
12
Let n be (-45)/(-25) + 3/15. Suppose 2*z + 3*x - 41 = 0, n*z - 155 = -3*z + 3*x. What is the greatest common divisor of z and 7?
7
Let p(c) = c**3 - 9*c**2 + 8*c + 3. Let u be p(8). Suppose u*l + 18 = -84. Let d be (-710)/l - 2/(-17). Calculate the highest common factor of d and 21.
21
Suppose 984 = 4*i - 0*a - 5*a, -i + 3*a + 246 = 0. Calculate the greatest common factor of i and 6.
6
Let c(j) = -j**2 - 29*j + 36. Let b be c(-22). Calculate the greatest common divisor of 30 and b.
10
Let z(r) = -r**2 - 7*r + 10. Let w be z(-8). Let k = -123 + 141. What is the greatest common divisor of k and w?
2
Let a(s) be the second derivative of -9*s**3/2 + s. Let w be a(-1). Let n(x) = 14*x + 152. Let q be n(-7). Calculate the highest common divisor of w and q.
27
Suppose -56 = 2*b - 3*b. Let p(o) = 2*o**2 + 30*o - 144. Let f be p(4). Calculate the greatest common divisor of b and f.
8
Suppose 4*q - 10 = -2*i, -4*q = -4*i - 0*q - 40. Let t be -3 - (67/i - (-8)/20). Let g be (8/20)/(1/10). What is the highest common factor of g and t?
2
Suppose 5*m - 7 = -k, 0 = 2*m - k - 8 + 1. Suppose 1 = m*z - 5. Suppose -a + 28 = 1. Calculate the greatest common divisor of a and z.
3
Let m = -608 + 795. Calculate the highest common divisor of m and 85.
17
Let s be (0 + 1)*(-11 + 7). Let v be 99/(-6)*(s + 2). Let j = -6 + 17. What is the highest common factor of v and j?
11
Let w be ((-55)/(-165))/(-1 + 327/324). Let o = 24 - 6. What is the greatest common factor of o and w?
18
Let w(c) = 99*c + 23. Let h be w(2). Calculate the greatest common divisor of 17 and h.
17
Let n(u) = 4*u**2 + 4*u - 3. Let a(i) = -i + 8. Let t be a(0). Suppose 3*c = c - t. Let f be n(c). What is the greatest common factor of 18 and f?
9
Let x(s) = s**2 - s. Let c be x(9). Calculate the greatest common divisor of 78 and c.
6
Let r(x) = 79*x - 641. Let o be r(10). What is the highest common factor of o and 447?
149
Let f be 36/((-132)/24 + 7). What is the highest common divisor of f and 516?
12
Suppose 1571 + 301 = 12*m. Calculate the greatest common divisor of m and 12.
12
Let o = -9 - -19. Let y = 10 - o. Suppose y = 5*b - 9*b + 72. What is the highest common factor of 108 and b?
18
Suppose 5*m + 60 = 5*k, 9*k - 4*m - 58 = 4*k. Let x be ((-4)/k)/(17/(-765)). What is the highest common divisor of 63 and x?
9
Let b be 7*(-2)/(42/(-9)). Suppose b*k - k - 165 = 3*v, k + v = 80. Calculate the greatest common divisor of k and 9.
9
Suppose -2*c + 2*w = -44, 5*c - 2*w = 6*c - 34. Calculate the greatest common divisor of 65 and c.
13
Let y be 4/(-6)*(-1 + -2). Suppose -2*u - 42*t + 22 = -41*t, 3*t = -4*u + 46. What is the highest common factor of u and y?
2
Suppose 68*c - 70*c = 34. Let j be c*6/(-6) - -4. What is the greatest common divisor of 21 and j?
21
Suppose 84*w + 18 = 522. Calculate the highest common divisor of 225 and w.
3
Suppose 0 = -2*q - 5*u + 82 + 55, 122 = 2*q + 2*u. Suppose -5*v + 0 + 15 = 0. Suppose -28 = v*m - 7*m. Calculate the highest common divisor of q and m.
7
Let c(q) = 3*q**2 + 125*q + 92. Let x be c(-41). Calculate the highest common divisor of x and 8.
2
Let j(l) = 2*l**2 - 11*l + 18 - 5 - 6*l**2. Let p be j(-9). Let d = p - -332. Calculate the highest common divisor of 48 and d.
24
Suppose -19 - 6 = -n + s, 5*n + 2*s = 146. Calculate the highest common divisor of n and 826.
14
Let c = 1 - -8. Let p = 605 - 372. Let m = -134 + p. What is the highest common divisor of m and c?
9
Let i = -208 - -325. Calculate the greatest common factor of i and 36.
9
Let h(g) be the second derivative of -g**4/3 - g**3/2 + g**2/2 - g. Let t be h(-5). Let p be (t/(-49))/(2/14). Calculate the highest common divisor of 12 and p.
12
Suppose -18 = -6*q + 3*q. Suppose -1275 = -q*h - 11*h. What is the highest common factor of 50 and h?
25
Suppose -34 - 2 = 6*l. Let t be (6/(-48)*l)/